4, what is -1 + 3342?
3341
In base 8, what is -77 - 706?
-1005
In base 14, what is ca6d + 9?
ca78
In base 12, what is 3 - -878?
87b
In base 9, what is -28418 + 245?
-28163
In base 14, what is -2b22 + 3?
-2b1d
In base 3, what is -2002 - -200022222?
200020220
In base 7, what is -2 + 241?
236
In base 2, what is -1111 - -1000000100?
111110101
In base 8, what is 275 + -3216?
-2721
In base 13, what is -216871 - -3?
-21686b
In base 16, what is a + -87f2?
-87e8
In base 10, what is 80639 + 1?
80640
In base 14, what is 31 - 1c6?
-195
In base 4, what is -132002 - -1131?
-130211
In base 9, what is 668 - 773?
-104
In base 14, what is -2 - 192d?
-1931
In base 4, what is 3202311 + 13?
3202330
In base 14, what is -10 + 23c64?
23c54
In base 14, what is 1 + 6326?
6327
In base 5, what is -102140 - 201?
-102341
In base 5, what is 3314 + 122011?
130330
In base 7, what is 56106 + 12?
56121
In base 5, what is 100110 + 2?
100112
In base 4, what is -11 - -300312103?
300312032
In base 9, what is 7668 + 1124?
8803
In base 10, what is 4844 - 17?
4827
In base 3, what is -1022101200222 - 1?
-1022101201000
In base 14, what is 1 + -10708?
-10707
In base 12, what is -2735 - -b1?
-2644
In base 4, what is -20032 + 3002?
-11030
In base 10, what is -48008 - -5?
-48003
In base 11, what is 742 - a?
733
In base 14, what is -124227 + 3?
-124224
In base 5, what is -13 - -332020?
332002
In base 9, what is -46724 - -3?
-46721
In base 16, what is 55 + -23?
32
In base 14, what is 6468 - 50?
6418
In base 10, what is 1095 - 9?
1086
In base 3, what is -2 - 101211201200?
-101211201202
In base 8, what is 0 + -3146?
-3146
In base 16, what is -4 + 59?
55
In base 3, what is -222121102222020 + 11?
-222121102222002
In base 15, what is 9 - 1a06?
-19ec
In base 7, what is 12314 - 143?
12141
In base 9, what is 31584 + 5?
31600
In base 13, what is b + b9a?
ba8
In base 10, what is -34370 + -1?
-34371
In base 7, what is 3440 - 4?
3433
In base 3, what is -20112000212 - 10?
-20112000222
In base 3, what is -20212201 - 11212?
-21001120
In base 16, what is -4c - -7c?
30
In base 3, what is -1100120 - 2?
-1100122
In base 11, what is -4 + -1330a5?
-1330a9
In base 6, what is -5 + 441255?
441250
In base 3, what is -21 - 2020210?
-2021001
In base 5, what is -30 + -114213?
-114243
In base 16, what is 5 + 1038b?
10390
In base 12, what is 7a2 + -23?
77b
In base 6, what is 45 + -42240?
-42151
In base 3, what is 10221221120 + 1?
10221221121
In base 3, what is 12000 + -202200?
-120200
In base 6, what is 50233 + 40?
50313
In base 10, what is -587 - -1043?
456
In base 4, what is 1003013 - 110?
1002303
In base 12, what is 3a + 54?
92
In base 16, what is 1209 + 12?
121b
In base 13, what is 2016c - a?
20162
In base 9, what is -3644 + 2?
-3642
In base 10, what is -20175 + -1?
-20176
In base 3, what is 200021222 - -212?
200022211
In base 3, what is -12 - -2201000020?
2201000001
In base 10, what is 4 + 9481?
9485
In base 14, what is d - 45555?
-45546
In base 4, what is -102 + 331301?
331133
In base 8, what is -20132 - 1?
-20133
In base 3, what is 20121112021 - -21?
20121112112
In base 7, what is 1403 + 652?
2355
In base 16, what is -5 + 1b69?
1b64
In base 11, what is 1 - 484288?
-484287
In base 16, what is 2 + -b30?
-b2e
In base 8, what is 1 - -7527045?
7527046
In base 14, what is a6 - 1098a?
-108c4
In base 4, what is 3031 - 1001?
2030
In base 9, what is -40244 - -54?
-40180
In base 12, what is -3 + 16382?
1637b
In base 7, what is -130324 - -10?
-130314
In base 2, what is 1000100111100010 + -10001?
1000100111010001
In base 11, what is 11 - -2250?
2261
In base 16, what is -1 + -293d?
-293e
In base 6, what is 3400 + 5154?
12554
In base 14, what is 2 + -6427a?
-64278
In base 10, what is -451109 + 0?
-451109
In base 3, what is -102010020 - 20?
-102010110
In base 9, what is 7172 + 331?
7513
In base 3, what is -12112102 + -201110?
-20020212
In base 9, what is -157 + 13050?
12782
In base 6, what is -514413 + -5?
-514422
In base 6, what is -13 + -1050524?
-1050541
In base 15, what is -583 - -348?
-23a
In base 7, what is 3122 + -134?
2655
In base 14, what is 189 - -bd1?
d7a
In base 2, what is -1101111100011111100110 + 101?
-1101111100011111100001
In base 13, what is -b + 132?
124
In base 3, what is 10 - -1101222000122?
1101222000202
In base 16, what is -6399 - 22?
-63bb
In base 2, what is 10111 + 1001011111?
1001110110
In base 8, what is 3 + -16136?
-16133
In base 10, what is -5 + -31219?
-31224
In base 12, what is 4a - 1929a?
-19250
In base 10, what is -671 - -11?
-660
In base 8, what is 7005 + 11?
7016
In base 16, what is -79 + 6c?
-d
In base 13, what is -85b2 + -4?
-85b6
In base 7, what is 23 + -2442?
-2416
In base 13, what is 99 - -23?
bc
In base 16, what is c4e + 42?
c90
In base 10, what is 3716 + 44?
3760
In base 3, what is -10220010012 - -2001?
-10220001011
In base 15, what is 9 + 326?
330
In base 13, what is -670b + 2?
-6709
In base 2, what is -100 + -100100100000010011?
-100100100000010111
In base 11, what is 327 + -a0a?
-693
In base 12, what is -6b634 + 1?
-6b633
In base 9, what is -35054 - -20?
-35034
In base 13, what is -77a1c - -4?
-77a18
In base 5, what is -241204 + 2?
-241202
In base 12, what is -2 + 7352?
7350
In base 5, what is -23202 - 232?
-23434
In base 16, what is 18c - 496?
-30a
In base 14, what is d82 + 6?
d88
In base 3, what is -2101020 + 222012?
-1102001
In base 6, what is -43111344 - -1?
-43111343
In base 12, what is 2a5a + -489?
2591
In base 11, what is 3a - -111?
150
In base 6, what is -113 + -150234?
-150351
In base 12, what is -44070 - -49?
-44023
In base 8, what is -134 - 3055?
-3211
In base 16, what is -5 - -20d02?
20cfd
In base 11, what is -3818 + 133?
-3695
In base 5, what is 102411333 - -2?
102411340
In base 8, what is -4065 + -44?
-4131
In base 4, what is -1 + 12331310?
12331303
In base 16, what is -b - 51c3?
-51ce
In base 4, what is 12 - -2210023200?
2210023212
In base 7, what is -12240511 + 4?
-12240504
In base 7, what is -1124631 + 1?
-1124630
In base 10, what is 49094 - 17?
49077
In base 12, what is -2 - 47738?
-4773a
In base 9, what is -8 + -4641?
-4650
In base 9, what is 348 - -23?
372
In base 9, what is 503 + 150?
653
In base 3, what is -11101120202 + -1?
-11101120210
In base 12, what is 594 - 44?
550
In base 13, what is -33 + 2676?
2643
In base 13, what is -5 - -635?
630
In base 15, what is -38 + 22ba?
2282
In base 11, what is 10 + 40240?
40250
In base 10, what is -1 + 94994?
94993
In base 3, what is 11 + 220100?
220111
In base 15, what is 68e2 + -27?
68ba
In base 3, what is 100000021222 - 1?
100000021221
In base 4, what is 313112222 - 10?
313112212
In base 5, what is 21 + 34424?
40000
In base 9, what is -42 - -2027?
1875
In base 11, what is -25432 + 4?
-25429
In base 5, what is -11 - -24032?
24021
In base 9, what is -3 + 58710?
58706
In base 7, what is 0 - -243410?
243410
In base 14, what is 64 - -15a1?
1625
In base 13, what is -277 + 106?
-171
In base 11, what is 34064 + 11?
34075
In base 10, what is 14383 - -5?
14388
In base 9, what is -46870 + 16?
-46853
In base 11, what is 16466 + 4?
1646a
In base 13, what is -135 + 42?
-c3
In base 12, what is -3599 - -53?
-3546
In base 16, what is -45b - 21?
-47c
In base 5, what is -1030303 + 33?
-1030220
In base 11, what is -4 + 5445?
5441
In base 3, what is 210021121 - 10?
210021111
In base 13, what is -23 - -2602?
25ac
In base 8, what is -36 - 2511?
-2547
In base 8, what is -4252 + -31?
-4303
In base 2, what is -1111000010 - -10000010101?
1010011
In base 16, what is 3 + -17ae8?
-17ae5
In base 7, what is 6156 - 20?
6136
In base 11, what is 100 - 683?
-583
In base 8, what is 4143 + -1173?
2750
In base 4, what is 11 + 2002013?
2002030
In base 4, what is 101210112331 - 2?
101210112323
In base 13, what is -33271 + 27?
-33247
In base 9, what is -15540 - -5?
-15534
In base 15, what is -1 + -b058a?
-b058b
In base 3, what is 121011020 - -2?
121011022
In base 16, what is -4 - 8683?
-8687
In base 16, what is -4 - -16a50?
16a4c
In base 15, what is 0 + -2a3d?
-2a3d
In base 12, what is 3 + -5b25?
-5b22
In base 3, what is 12202 + 220201?
1010110
In base 14, what is 1c53 - 11?
1c42
In base 10, what is -2 - -5648?
5646
In base 7, what is -4526 - -542?
-3654
In base 9, what is -27 - -10401?
10363
In base 2, what is -111101 + 100100010000?
100011010011
In base 5, wha